 divisor of 2317 and 35?
7
Calculate the greatest common divisor of 164 and 205.
41
What is the highest common factor of 3681 and 81?
9
What is the highest common factor of 94 and 388643?
47
Calculate the highest common factor of 762 and 2934843.
381
Calculate the highest common factor of 20104 and 238.
14
What is the greatest common divisor of 7990 and 184790?
170
What is the highest common factor of 115 and 161?
23
Calculate the greatest common divisor of 8 and 2222492.
4
What is the greatest common factor of 118 and 20527280?
118
What is the highest common factor of 64 and 86960?
16
What is the greatest common factor of 5888 and 1748?
92
Calculate the highest common divisor of 6 and 4674.
6
Calculate the greatest common factor of 690 and 393990.
690
Calculate the greatest common factor of 64285 and 15.
5
What is the highest common divisor of 4650 and 9750?
150
Calculate the greatest common divisor of 1452 and 544137.
363
Calculate the highest common divisor of 35 and 43904.
7
What is the greatest common divisor of 6 and 23430?
6
What is the highest common divisor of 3016 and 2340?
52
Calculate the greatest common divisor of 976 and 22265.
61
What is the greatest common factor of 483 and 6555?
69
What is the greatest common factor of 150 and 2514?
6
Calculate the greatest common factor of 1005433 and 715.
143
What is the highest common factor of 192204 and 562?
562
Calculate the highest common factor of 95162 and 18.
2
Calculate the highest common divisor of 20900 and 7975.
275
What is the greatest common divisor of 24 and 1446366?
6
What is the greatest common factor of 168 and 344624?
56
What is the highest common factor of 1683 and 108?
9
Calculate the highest common divisor of 79205 and 217.
217
Calculate the greatest common divisor of 492 and 4756.
164
Calculate the highest common divisor of 1008 and 1373400.
504
What is the greatest common divisor of 1076416 and 2178?
242
What is the highest common factor of 202692 and 49476?
1596
Calculate the greatest common divisor of 5563409 and 1678.
839
What is the greatest common factor of 34120 and 72?
8
What is the highest common divisor of 2604 and 1372?
28
Calculate the greatest common factor of 1390 and 170.
10
Calculate the greatest common factor of 7581864 and 408.
408
Calculate the highest common factor of 40 and 181080.
40
Calculate the highest common factor of 4979 and 52.
13
What is the highest common factor of 6363 and 63?
63
Calculate the highest common factor of 5612 and 24217.
61
What is the greatest common factor of 36 and 614772?
36
Calculate the greatest common factor of 46553 and 26.
13
Calculate the greatest common factor of 24 and 348456.
24
Calculate the highest common factor of 854 and 54229.
427
What is the greatest common divisor of 84 and 523500?
12
Calculate the greatest common factor of 14050 and 4.
2
Calculate the highest common factor of 400 and 86816.
16
Calculate the greatest common factor of 1197 and 122227.
133
What is the highest common divisor of 225 and 1650?
75
What is the greatest common divisor of 736 and 44459?
23
What is the greatest common factor of 111 and 7506?
3
Calculate the greatest common divisor of 102501 and 161.
7
What is the highest common factor of 672 and 21792?
96
What is the highest common factor of 47896 and 16?
8
Calculate the greatest common factor of 147 and 171.
3
What is the highest common divisor of 5232118 and 62?
62
Calculate the greatest common divisor of 16173 and 27.
27
Calculate the highest common divisor of 3879 and 93.
3
What is the highest common divisor of 39732 and 638?
22
What is the greatest common divisor of 82 and 714958?
82
Calculate the highest common factor of 8036 and 18116.
28
What is the highest common divisor of 393 and 420379?
131
Calculate the greatest common factor of 6085860 and 33.
33
What is the greatest common factor of 40 and 25360?
40
What is the greatest common divisor of 1033 and 5409821?
1033
Calculate the greatest common factor of 91 and 692.
1
Calculate the greatest common factor of 540413 and 332.
83
Calculate the greatest common divisor of 80 and 128.
16
Calculate the greatest common factor of 49 and 18942.
7
What is the greatest common factor of 2898 and 1252580?
322
Calculate the highest common factor of 341828 and 1940.
388
Calculate the greatest common divisor of 20 and 1205180.
20
Calculate the highest common divisor of 308523 and 15.
3
What is the greatest common divisor of 54 and 3642?
6
What is the greatest common divisor of 3555 and 375?
15
Calculate the highest common divisor of 728444 and 12.
4
What is the greatest common factor of 1615495 and 1?
1
What is the greatest common factor of 40 and 46390?
10
What is the highest common divisor of 62631 and 171?
9
Calculate the greatest common factor of 2979 and 504.
9
Calculate the highest common divisor of 1017738 and 1692.
846
Calculate the highest common divisor of 5324 and 31460.
484
Calculate the greatest common divisor of 41293 and 1496.
17
What is the greatest common factor of 129863 and 17?
17
What is the greatest common factor of 163804 and 2?
2
What is the greatest common factor of 275 and 2235?
5
Calculate the highest common divisor of 253 and 29141.
23
What is the greatest common divisor of 30306 and 36?
6
What is the greatest common divisor of 11925 and 255725?
1325
Calculate the highest common divisor of 1245573 and 126.
63
What is the greatest common divisor of 243 and 17463681?
243
What is the highest common factor of 74 and 70078?
74
What is the greatest common factor of 25612 and 12?
4
What is the highest common divisor of 910 and 247730?
70
What is the highest common factor of 9075 and 169158?
363
What is the greatest common divisor of 632 and 307310?
158
What is the highest common factor of 193 and 197632?
193
Calculate the highest common divisor of 14100 and 45.
15
What is the highest common factor of 1118 and 465998?
26
Calculate the greatest common factor of 292474 and 14.
14
What is the greatest common divisor of 25757721 and 99?
99
What is the highest common factor of 16683 and 5226?
201
What is the greatest common factor of 1180 and 267565?
295
What is the greatest common factor of 58542 and 6006?
66
Calculate the greatest common divisor of 2114 and 1963.
151
What is the greatest common divisor of 2796277 and 33?
11
Calculate the highest common factor of 37559 and 71.
71
What is the highest common factor of 7448807 and 554?
277
What is the highest common factor of 10 and 13335?
5
What is the highest common divisor of 115453 and 96031?
1079
Calculate the highest common divisor of 46953 and 18.
9
What is the greatest common factor of 525885 and 150?
15
Calculate the highest common factor of 112 and 2198.
14
What is the greatest common divisor of 2728 and 212443?
341
Calculate the greatest common divisor of 1377516 and 7.
7
What is the greatest common divisor of 20530 and 3530?
10
Calculate the highest common factor of 416 and 32344.
104
Calculate the highest common divisor of 605 and 166320.
55
What is the greatest common factor of 133 and 61313?
133
Calculate the highest common factor of 406430 and 194.
194
Calculate the highest common divisor of 3393 and 29.
29
What is the greatest common factor of 25774 and 14202?
526
What is the greatest common divisor of 43472 and 11?
11
Calculate the highest common divisor of 778 and 170771.
389
Calculate the greatest common factor of 17185 and 805.
35
What is the highest common divisor of 861 and 533?
41
What is the greatest common factor of 3577 and 1825?
73
Calculate the highest common divisor of 22 and 32373.
11
What is the highest common factor of 42501 and 93?
93
Calculate the greatest common divisor of 323457 and 274.
137
What is the highest common factor of 37821 and 84?
21
What is the greatest common divisor of 1127 and 16807?
49
Calculate the greatest common divisor of 322269 and 1335.
267
What is the highest common factor of 306 and 829804?
34
Calculate the greatest common divisor of 454549 and 23.
23
What is the greatest common factor of 508757 and 59?
59
Calculate the highest common factor of 120 and 6810.
30
Calculate the highest common factor of 24 and 109608.
24
Calculate the highest common factor of 84789 and 9.
9
What is the greatest common divisor of 1711